usands digit of 16248528?
8
What is the tens digit of 256766?
6
What is the ten thousands digit of 216248?
1
What is the thousands digit of 876001?
6
What is the hundred thousands digit of 503576?
5
What is the millions digit of 10818165?
0
What is the hundred thousands digit of 15552407?
5
What is the units digit of 260335?
5
What is the hundred thousands digit of 5637412?
6
What is the millions digit of 17330462?
7
What is the thousands digit of 586333?
6
What is the hundreds digit of 20104984?
9
What is the units digit of 51822?
2
What is the tens digit of 4771067?
6
What is the tens digit of 2894983?
8
What is the ten thousands digit of 357195?
5
What is the ten thousands digit of 401527?
0
What is the units digit of 21711?
1
What is the hundreds digit of 15616147?
1
What is the ten thousands digit of 1862778?
6
What is the hundred thousands digit of 7162676?
1
What is the units digit of 884828?
8
What is the thousands digit of 23294449?
4
What is the hundreds digit of 630972?
9
What is the tens digit of 284120?
2
What is the thousands digit of 48809?
8
What is the hundreds digit of 5990412?
4
What is the tens digit of 137700?
0
What is the thousands digit of 2847320?
7
What is the thousands digit of 369850?
9
What is the tens digit of 563978?
7
What is the units digit of 667574?
4
What is the ten thousands digit of 3379831?
7
What is the ten thousands digit of 98920?
9
What is the hundred thousands digit of 305528?
3
What is the units digit of 3245972?
2
What is the thousands digit of 121318?
1
What is the hundreds digit of 258462?
4
What is the tens digit of 6074998?
9
What is the hundreds digit of 13944200?
2
What is the ten millions digit of 22818261?
2
What is the ten thousands digit of 9258575?
5
What is the hundreds digit of 7997599?
5
What is the units digit of 201693?
3
What is the thousands digit of 221113?
1
What is the thousands digit of 338648?
8
What is the thousands digit of 4024503?
4
What is the hundreds digit of 25095863?
8
What is the hundred thousands digit of 1010689?
0
What is the ten thousands digit of 346553?
4
What is the ten thousands digit of 8120797?
2
What is the ten thousands digit of 12502333?
0
What is the ten thousands digit of 1042151?
4
What is the thousands digit of 1190321?
0
What is the units digit of 6054?
4
What is the ten thousands digit of 4459162?
5
What is the hundreds digit of 650746?
7
What is the millions digit of 4135114?
4
What is the tens digit of 8790830?
3
What is the ten millions digit of 26437648?
2
What is the thousands digit of 4458328?
8
What is the ten thousands digit of 569526?
6
What is the hundred thousands digit of 4637659?
6
What is the hundred thousands digit of 162144?
1
What is the hundred thousands digit of 12052460?
0
What is the millions digit of 2591143?
2
What is the thousands digit of 3769825?
9
What is the thousands digit of 8182338?
2
What is the hundreds digit of 498354?
3
What is the thousands digit of 1424851?
4
What is the ten thousands digit of 11751925?
5
What is the ten thousands digit of 14338830?
3
What is the hundreds digit of 7395915?
9
What is the hundred thousands digit of 108794?
1
What is the hundreds digit of 151580?
5
What is the ten thousands digit of 6777606?
7
What is the hundreds digit of 209041?
0
What is the hundreds digit of 12829664?
6
What is the tens digit of 129036?
3
What is the hundred thousands digit of 18410503?
4
What is the tens digit of 174649?
4
What is the hundred thousands digit of 286283?
2
What is the hundreds digit of 13970959?
9
What is the ten thousands digit of 4091644?
9
What is the thousands digit of 457869?
7
What is the hundred thousands digit of 911686?
9
What is the hundreds digit of 330916?
9
What is the units digit of 11452475?
5
What is the ten thousands digit of 235569?
3
What is the hundred thousands digit of 115311?
1
What is the tens digit of 116467?
6
What is the units digit of 1841293?
3
What is the hundreds digit of 41999?
9
What is the hundred thousands digit of 1889811?
8
What is the ten thousands digit of 20776789?
7
What is the hundreds digit of 4878666?
6
What is the millions digit of 1170569?
1
What is the units digit of 1070814?
4
What is the tens digit of 4828299?
9
What is the hundreds digit of 581367?
3
What is the tens digit of 2744698?
9
What is the tens digit of 297798?
9
What is the hundred thousands digit of 4299809?
2
What is the ten thousands digit of 12050?
1
What is the tens digit of 18279245?
4
What is the millions digit of 7382280?
7
What is the hundreds digit of 805459?
4
What is the millions digit of 16536877?
6
What is the millions digit of 20706284?
0
What is the millions digit of 6743626?
6
What is the millions digit of 1220983?
1
What is the hundred thousands digit of 5767275?
7
What is the units digit of 89141?
1
What is the hundreds digit of 32542305?
3
What is the thousands digit of 5932289?
2
What is the tens digit of 296845?
4
What is the units digit of 6700186?
6
What is the thousands digit of 750905?
0
What is the hundred thousands digit of 2397580?
3
What is the tens digit of 10891567?
6
What is the thousands digit of 25636?
5
What is the millions digit of 2282780?
2
What is the ten thousands digit of 7232913?
3
What is the hundreds digit of 101664?
6
What is the tens digit of 352028?
2
What is the units digit of 15890234?
4
What is the units digit of 288874?
4
What is the tens digit of 1065345?
4
What is the ten thousands digit of 237408?
3
What is the units digit of 15136?
6
What is the hundred thousands digit of 1764196?
7
What is the millions digit of 1562372?
1
What is the hundred thousands digit of 929066?
9
What is the thousands digit of 295699?
5
What is the hundreds digit of 2724370?
3
What is the millions digit of 4728733?
4
What is the units digit of 56395?
5
What is the hundreds digit of 512174?
1
What is the thousands digit of 1582062?
2
What is the tens digit of 45061?
6
What is the thousands digit of 7979388?
9
What is the hundreds digit of 4530808?
8
What is the millions digit of 1255176?
1
What is the millions digit of 1490036?
1
What is the thousands digit of 11146546?
6
What is the thousands digit of 540461?
0
What is the ten thousands digit of 466374?
6
What is the thousands digit of 4665278?
5
What is the ten thousands digit of 4989592?
8
What is the hundred thousands digit of 10098497?
0
What is the ten millions digit of 15395846?
1
What is the ten thousands digit of 21944360?
4
What is the thousands digit of 713551?
3
What is the tens digit of 2684515?
1
What is the thousands digit of 6502291?
2
What is the tens digit of 665340?
4
What is the units digit of 3076916?
6
What is the units digit of 9954966?
6
What is the ten thousands digit of 2601225?
0
What is the hundreds digit of 158981?
9
What is the hundreds digit of 1295910?
9
What is the tens digit of 3879631?
3
What is the millions digit of 8329721?
8
What is the thousands digit of 1458980?
8
What is the tens digit of 3176531?
3
What is the tens digit of 1245015?
1
What is the hundreds digit of 1517820?
8
What is the millions digit of 1053844?
1
What is the hundreds digit of 895045?
0
What is the thousands digit of 6463782?
3
What is the millions digit of 2554186?
2
What is the ten thousands digit of 408523?
0
What is the millions digit of 1500986?
1
What is the thousands digit of 218201?
8
What is the tens digit of 504525?
2
What is the ten thousands digit of 265482?
6
What is the thousands digit of 4705508?
5
What is the hundreds digit of 108293?
2
What is the tens digit of 6571174?
7
What is the ten thousands digit of 76924?
7
What is the tens digit of 631816?
1
What is the hundred thousands digit of 144104?
1
What is the ten thousands digit of 839589?
3
What is the units digit of 1969101?
1
What is the thousands digit of 34218036?
8
What is the tens digit of 23489214?
1
What is the thousands digit of 123999?
3
What is the millions digit of 1278396?
1
What is the thousands digit of 180425?
0
What is the units digit of 313138?
8
What is the hundred thousands digit of 458450?
4
What is the units digit of 625706?
6
What is the units digit of 642667?
7
What is the hundreds digit of 1861510?
5
What is the ten thousands digit of 2176910?
7
What is the thousands digit of 1904274?
4
What is the u